 Is j/4*(-16 - -47618) a composite number?
False
Is ((-2)/(-6))/((-15)/(-19935)) prime?
True
Let p = -59 + 48. Let r be (-2 - p) + (-6 - -2). Suppose -r*a - 2028 = -g - 0*g, 2058 = g + a. Is g a prime number?
True
Let y(v) = -36183*v + 755. Is y(-2) a composite number?
False
Let x(u) = u**2 + 67*u + 249. Is x(58) a composite number?
False
Let w = 4 - 6. Let h be (4/(-6) + 2)/(w/555). Is (9/(-18))/(1/h) a composite number?
True
Let f(x) = -9423*x**3 + 3*x**2 - 568*x - 1711. Is f(-3) a prime number?
False
Suppose 0 = 8*b - 204 - 236. Suppose -b = -d - 10*d. Suppose d*u + 0*f - 3*f - 2696 = 0, -1620 = -3*u + f. Is u a prime number?
True
Let v = -108 - -110. Suppose 0 = 3*i + v*r - 27164, 2*i - 22482 = 5*r - 4379. Suppose 8*h - i = -h. Is h a prime number?
False
Let o be (((-18)/4)/(-3))/((-9)/(-48)). Let u be (-60)/(-16)*o/6. Suppose -u*c + 281 + 513 = 2*b, 0 = -4*c. Is b a composite number?
False
Suppose 6 = -z + 13. Suppose 13*o = z*o + 78. Let w(p) = p**3 - 7*p**2 - 11*p + 8. Is w(o) composite?
True
Suppose -50 = -4*h + 46. Is (12/h)/(6/107076) prime?
True
Let f = -78617 + 154920. Is f prime?
True
Suppose -2*v + 7*n + 878587 = -86522, 4*v = 5*n + 1930281. Is v composite?
True
Let i(k) = -5*k - 277. Let o be i(-9). Let d(w) = -114*w - 7. Let g be d(-5). Let p = g + o. Is p a composite number?
False
Let t be (-2 - (-11 - -14))*28/5. Let r = 9 - 0. Let s = r - t. Is s a composite number?
False
Let r(a) = 255*a**2 - 3*a + 26. Let t be r(-8). Suppose 5*s + 3*o - t = 0, -3*s - 13074 = -7*s + 2*o. Is s a composite number?
False
Suppose 321930 - 1223546 = -23*g + 10772517. Is g a composite number?
False
Suppose 19 - 23 = -2*z. Let f(r) = -5*r + r - 2 + z*r**2 - 4 - 2. Is f(5) prime?
False
Let d(i) = 811*i - 4. Let k be d(1). Suppose -3*y = 4*n - k, -2*n - y - y = -406. Is 3251/9 + (-44)/n a prime number?
False
Suppose 3*a = -v + 6*v + 179, 0 = -5*a - 2*v + 319. Suppose 12*f = 5*f + a. Suppose 0 = -4*w + f*w - 105. Is w prime?
False
Let h = -3 + 5. Let t be 4/32*-8 - (-4982)/1. Suppose -p + 0*p = -j + 999, 5*j - t = -h*p. Is j a prime number?
True
Let o = -4 + 7. Suppose -4*s + 10 = 3*x - 13, -o*s = 3*x - 18. Suppose -2*i = s*m - 1490, 0 = -3*m + 3*i + 681 + 213. Is m a prime number?
False
Let o = 167279 + -118182. Is o a composite number?
True
Let h = 28472 - -9515. Is h a composite number?
False
Let v(q) = -2*q**3 - 51*q**2 - 87*q + 153. Is v(-40) prime?
True
Let v be (-7 + 7)/(3 + -1). Suppose v = 6*i + 2*i - 256. Is (1 - 0)*(-1 + i)*1 composite?
False
Let d be 8/((-18)/9 + 3450/1724). Suppose 0*h - h = -a - d, 3*h = -5*a + 20712. Is h a composite number?
False
Let s(q) be the third derivative of 119*q**5/60 - q**4/12 - 4*q**3/3 + 16*q**2. Let h be s(5). Suppose 4*x - 2039 - h = 0. Is x a prime number?
True
Let v be 1*((-2 - -3) + 6). Let z be 4721/(15/35 - 8*(-3)/42). Suppose -2818 - z = -v*n. Is n a composite number?
True
Let c(r) = -1040*r + 798. Is c(-16) a prime number?
False
Let s(l) = 28526*l**2 - 95*l + 199. Is s(2) prime?
True
Let k be (-1)/(-2)*(-124 - 18). Let z = k + 85. Suppose -3*b + z = -415. Is b a prime number?
False
Let y(v) = 11*v**2 - 4. Let b be y(2). Suppose f - 5 = b. Is (-27)/f - (553/(-5) - -1) prime?
True
Suppose 26*u - 56 = 22*u. Let h(v) = 9*v**2 - 16*v + 3. Is h(u) composite?
False
Suppose 21*n = 3297851 + 16806352. Is n prime?
False
Let f = -673 - -10274. Is f prime?
True
Suppose -5*f = -4*s - 10, -4*s = 4*f + s - 8. Suppose 7*k = f*k + 135. Let j = k - 5. Is j prime?
False
Let x(j) = 72*j**2 - 29 - 9*j**2 - j**2 + 5*j + 98*j**2 - 23*j. Is x(-6) composite?
False
Suppose 73*i + 2018219 = -295958 + 17041416. Is i a prime number?
True
Let j = -326 - -326. Suppose -3*r - 6*m + 4382 = -m, j = 5*r - 3*m - 7292. Is r prime?
True
Let m be 72/48*88/6. Let i = -822 + 1244. Suppose m*k + i = 24*k. Is k a composite number?
False
Suppose 17*t - 24 = 11*t. Suppose -4*i + 2664 = -t*k, -3*i + 2*k = -3*k - 1996. Is i composite?
True
Suppose 3*k + 1 = 2*k + i, 0 = -3*k + 5*i - 9. Suppose -b - 3*r = -k*r - 1659, r - 4973 = -3*b. Is b composite?
False
Let c = -14624 - -27753. Is c a prime number?
False
Suppose -2*j - 6*k + 11*k - 57 = 0, -4*j + 3*k = 93. Let x(i) = i**3 + 27*i**2 + 49*i - 20. Is x(j) prime?
True
Let q = 5370 + -3654. Let o = q + -989. Is o a composite number?
False
Is 3*8/(-324) - (-923018028)/324 a prime number?
False
Is ((-2)/(2 - 511836/255908))/((-4)/(-10)) a composite number?
False
Let r be 27/18 - (-1)/2. Suppose 0 = -4*o - r*c - 836 + 2624, -2241 = -5*o - c. Let q = o - 266. Is q a prime number?
False
Let f(v) = v**3 - v**2 - 2*v + 1. Let h(l) = -l**3 + 2*l + 1335. Let a(r) = 2*f(r) + h(r). Is a(0) prime?
False
Suppose 0 = -4*a - 2*o + 74, 3*a + o = -2*o + 54. Let d be ((-3)/(-2))/((-9)/(-1704)). Let y = a + d. Is y a prime number?
False
Let m(y) = 193*y + 4. Let t(h) = h + 1. Let r(k) = m(k) - 3*t(k). Is r(1) a prime number?
True
Is ((-561416)/16)/((-11)/22) prime?
True
Let g be (-1)/(1*(-3)/12). Suppose 0 = -4*a + 3*j - 2524 + 6209, g*a = 5*j + 3691. Is a a composite number?
False
Let a = 1505834 - 1075441. Is a composite?
False
Let y(z) = -104*z**2 - z - 30. Let w be y(-5). Let f = w - -4528. Is f a prime number?
False
Let c be -17 - -16 - (1 - 7). Suppose -a - 5*r + 2400 = 0, 5172 = 3*a + c*r - 2018. Is a a composite number?
True
Let i(k) = -21115*k - 7712. Is i(-9) prime?
False
Suppose -35 = v + 9. Let d be (1 + -247)/((-4)/v). Let t = -1717 - d. Is t prime?
False
Suppose -8*s + 160 = -0*s. Let w be (-1)/(6/9*(-6)/s). Suppose -w*n = -2318 - 3017. Is n prime?
False
Is 2/((-264)/(-5879170)) - (-2)/(-12) composite?
True
Suppose -100 = -5*y + 3*y. Let l = y - 41. Suppose l*x - 4*x - 425 = 0. Is x composite?
True
Suppose -155616 = -4*h - 28*h. Let d = h - 2962. Is d prime?
True
Let l be (525/(-10) - 1)/((-5)/10). Suppose -3*i + 7701 = 585. Let a = i + l. Is a composite?
True
Suppose -48 = -15*f + 18*f - 3*b, -4*b = 4*f + 32. Suppose 5*c + 1 = -4. Is c*(-69)/f*-148 composite?
True
Let v(h) = 4*h**3 - 34*h**2 - 319*h - 35. Is v(36) a composite number?
False
Let m(w) = 10*w**3 + 4*w - 225 + 236 - 5*w**3 - 6*w**2 + 9*w**3. Let a(p) = -p + 3. Let f be a(-3). Is m(f) a prime number?
True
Let y(m) = 3 + 6 + 8*m + 16*m**2 + 78*m**2. Is y(-4) a composite number?
False
Suppose 5*k - 21 = -0*o + o, o - 2*k + 6 = 0. Suppose -5*z + 4147 = 2*a, 0 = o*a + 4*z + z - 8309. Is a composite?
False
Let n(x) = 66*x - 17. Suppose -3*a + w + 0*w = -30, -5*w = 0. Suppose -4*j + 18 = -a. Is n(j) prime?
False
Let j = -59 - -42. Let m(r) = -r - 23. Let x be m(j). Is 2 - -192 - x*2/(-4) composite?
False
Let i(r) = r**3 + 9*r**2 - 3*r - 23. Let l be i(-9). Suppose 4 = 5*h - 1, -5*h = l*v - 9841. Is v prime?
True
Let j = -59614 - -136695. Is j a prime number?
True
Suppose 17*n + 2*u = 21*n - 88064, -2*n - 4*u + 44002 = 0. Is n a composite number?
False
Suppose 4*r + 174 = -c + 8*r, 3*r + 658 = -4*c. Let s(q) = -6*q**2 - 5. Let j be s(7). Let t = c - j. Is t a composite number?
True
Let i = 338 + -331. Is (i/3 - (-10)/15) + 1504 composite?
True
Suppose -22*i + 5*i = -467755. Suppose -4*f - 4*p = -0*p - 22048, -4*p - i = -5*f. Is f a composite number?
False
Let t = 41 + -41. Suppose -h - 11097 = -5*y, 2205 = -t*y + y - 5*h. Let c = y + -1441. Is c a prime number?
False
Suppose 852*l - 860*l + 1420577 = -1751399. Is l prime?
False
Suppose -a - 27 = -4*a. Let s(d) = 14*d**2 + a*d**2 - d**2 - 3. Is s(11) a composite number?
False
Is 278271202/363*(-6)/(-4) a prime number?
True
Let p(a) be the second derivative of -a**6/360 + 319*a**4/24 + 29*a**3/6 - 25*a. Let w(h) be the second derivative of p(h). Is w(0) composite?
True
Let y be (-2)/7 - (-1501)/133. Suppose n - 1 = -y. Is (-1493)/(-5) + (-4)/n a composite number?
True
Is 1/((-1)/7*(-14)/314014) a prime number?
True
Let p(c) = -c**3 - 8*c**2 + 8*c. Let f be p(-9). Let y be 1*f/3 + 25*4. Suppose -d + y = -351. Is d a prime number?
False
Let l(d) = 618*d + 12. Let m(t) = -619*t - 10. Let a(k) = -6*l(k) - 5*m(k). Is a(-3) composite?
True
Let f be ((-2)/4)/((-1)/(-6)). Let c(o) = 0*o - 263 - o - 23 + 321*o**2 + 291. Is c(f) composite?
False
Suppose 2*d = -0*d. Suppose -j + d*n = 2*n - 3, 3 = j + n. Suppose -2*k - j*h + 4*h = -256, 8 = -4*h. Is k prime?
True
Let t = 23766 + 35263. Is t composite?
Fa